*i - 44. What is j(d)?
6
Suppose 80*m + 123 - 43 = 0. Let r(c) = 12*c + 4. Determine r(m).
-8
Suppose g - w + 2 = -2*g, 5*w = -4*g - 28. Suppose 0 = u - 5*f - 21 - 9, 3*u = -3*f + 180. Let s(d) = u - 98 + 46 + 6*d. What is s(g)?
-9
Suppose -15*w = -24*w. Let r be (-2)/(-6)*((0 - w) + 3). Let k(x) be the second derivative of 7*x**3/6 - x. Determine k(r).
7
Let b = 407 - 404. Let z(x) = -x**b + 0*x**3 - 30*x**2 - 14 + 17*x**2 + 12*x**2 - x. Give z(0).
-14
Let j(s) = 18*s - 49. Suppose -b + 154*a = 151*a - 7, -5*b - 2*a + 18 = 0. What is j(b)?
23
Let n(z) = -2*z**2 + 5*z + 29. Let i(h) = -872*h + 4367. Let l be i(5). What is n(l)?
-34
Let u(k) = 14 - 2*k**3 - 7*k**2 + 3*k**3 + 11579*k + 10 + 3 - 11576*k. What is u(5)?
-8
Let q(p) = -p**3 - 2*p**2 + 3*p + 1. Let n(g) = g**3 - g**2 - g + 1. Let j(z) = 2*n(z) + q(z). Let s(o) = o**2 + 11*o + 28. Let y be s(-8). Calculate j(y).
7
Suppose -34 = -2*j + 4*h + 22, -2*j + 44 = 2*h. Suppose -4*b = p - j, -p - 4 + 0 = -3*b. Let f(x) = x**2 - 7*x - 12. Calculate f(p).
-4
Let j(q) be the second derivative of -q**4/12 + 7*q**3/2 + 6*q - 99. Give j(21).
0
Let q(s) = s**2 + 18*s - 35. Let w be q(2). Let i(l) be the first derivative of -3/2*l**2 - 17 - w*l + 1/3*l**3. Determine i(5).
5
Let d(z) = z**3 - 4*z**2 + 2*z - 1. Let y be (-12)/30 + 212/5. Let p = 278 + -240. Let r = y - p. What is d(r)?
7
Let h(z) be the second derivative of -z**4/12 + 5*z**3/6 + 2*z**2 + 467*z. Let u = -4 + 8. Calculate h(u).
8
Let z(i) = i**3 - 9*i**2 + 13*i - 16. Let s be (1 - -1)/((-425)/(-612) - (-4)/(-9)). Give z(s).
24
Let j(w) be the third derivative of w**6/40 + 23*w**5/60 - w**4/3 - 2*w**3 + 2926*w**2. Determine j(-8).
-12
Let w(q) = 4*q**2 + 9*q + 9. Let n(b) = -3*b**2 - 9*b - 8. Let c(g) = -5*n(g) - 4*w(g). Let d = 131 + -71. Suppose 4*x + 32 = d. Calculate c(x).
18
Let d(j) be the second derivative of -16*j + 0 + 7*j**2 - 1/2*j**4 - 3/2*j**3 - 1/60*j**5. Let r(z) be the first derivative of d(z). What is r(-11)?
2
Let y(m) = -2*m**2 - 36*m - 42. Suppose -5*u = -5*l - 95, 4*l - 22 = -4*u - 82. Determine y(l).
-8
Let z(a) be the second derivative of a**4/12 - 7*a**3/3 + 3*a**2/2 + 214*a - 3. Give z(11).
-30
Let o(g) = g**2 - 7*g - 15. Let f(a) = 604*a + 599. Let j be f(-1). Give o(j).
45
Let a(s) = 28*s + 20. Let z(g) = 19*g + 19. Let j(d) = 2*a(d) - 3*z(d). Determine j(-10).
-7
Let i(r) = r**2 + 2 - 28*r - 20*r - 27*r + 76*r. Let a = -50 + 83. Let b = 36 - a. Calculate i(b).
14
Suppose -h + 70 = 3*g, -5*h - 28 = -g - 3*h. Suppose -3*a + 6*a - 7 = c, -4*a + 4 = -4*c. Suppose -a*w = w - g. Let f(b) = b - 8. Calculate f(w).
-2
Let t(g) be the first derivative of g**2 - 3*g + 1147. Calculate t(-2).
-7
Let m(z) = z**2 + 18*z + 23. Let h be (-119)/14 - (-9)/(-2). Determine m(h).
-42
Let k(x) = x**2 + 61*x + 725. Let r be k(-45). Let v(i) = -4*i - 13. Calculate v(r).
-33
Let j(v) be the second derivative of -4*v**3 + 9*v**2/2 - 9221*v. Give j(4).
-87
Let p(k) = -k**2 - 12*k - 10. Suppose 10*a - 7*a = -3*c - 39, 10 = -5*c. Calculate p(a).
1
Let r(t) = 109 - 938*t**2 - 112 - 28*t + 937*t**2. Calculate r(-27).
24
Let l(s) = 5*s**2 + 68*s + 39. Let g be l(-13). Let b(y) be the third derivative of -11*y**2 - 1/2*y**3 + g - 1/6*y**4 + 0*y + 1/60*y**5. What is b(4)?
-3
Suppose -3*m + 3169 = c, -5098 = -4*m + 4*c - 878. Let q(v) = 2*v**3 - v**2 + 2115 - 1061 - m - v - v**3. Determine q(2).
0
Let b(z) = z**3 - 10*z**2 + 10*z + 3. Suppose -539*l + 819 = -448*l. What is b(l)?
12
Let z(f) = 8*f + 24. Suppose 8*v = 54*v + 368. What is z(v)?
-40
Let s(p) = 2*p**2 + 8*p + 1. Let u(o) = -3*o**2 - 16*o. Let t(h) = -7*s(h) - 4*u(h). Suppose 0 = -7*v + 524 - 503. Determine t(v).
-1
Let k(x) = -x**3 + x**2 - 2. Let b(z) be the second derivative of z**5/4 + 9*z**2/2 + 7*z - 3. Let u(a) = -b(a) - 4*k(a). What is u(-4)?
-1
Suppose 0 = 57*d - 186*d - 258. Let y(k) = 21*k**2 + k - 4. Determine y(d).
78
Let d(b) = -b + 41. Suppose 7*m + 4*m = 385. Let l be d(m). Let i(s) = -s**2 + 10*s - 8. Give i(l).
16
Let u be (35/15)/((-28)/(-12) + -2). Suppose 54*q = 52*q + 5*j - 1, -q - 5*j + u = 0. Let n(d) = 4*d**2 - 1. Give n(q).
15
Let q(y) = 1268*y + 11 - 2533*y + 2 + 1266*y. What is q(-11)?
2
Let m(i) = 10637*i**2 - 5318*i**2 + 28 - 5318*i**2 + 11*i - 94. Give m(4).
-6
Let h be (-30)/4*(95/(-15) - -5). Let v(q) = 0*q**2 - 6*q**2 + h*q - q**3 - 41 + 49. Calculate v(-7).
-13
Let k(j) = 5*j**2 - j - 2. Let c be (-2244)/(-884) - (-12)/26. Give k(c).
40
Let r(f) be the third derivative of -f**5/60 - f**4/24 + f**3/6 - 4*f**2. Suppose 2*d - h = 19, -4*d + h = -24 - 19. Suppose 0 = -11*u + d*u + 2. Give r(u).
-1
Let p(q) be the first derivative of 8*q - 3/2*q**2 - 1/3*q**3 - 132. What is p(-5)?
-2
Suppose 0 = 3*z - 5*d + 47, 8*d = -z + 7*d - 5. Let x(f) = -f**2 - 8*f + 19. Give x(z).
10
Let q(i) be the third derivative of i**5/60 + i**4/24 + i**3/6 - 24*i**2 - i. Let c(f) = 3*f**2 + 8*f + 3. Let d(b) = -c(b) + 4*q(b). Determine d(4).
1
Let g = 25 + -21. Let y(p) = -p**3 + 6*p - 9. Let i(l) = -l**3 - l**2 + 6*l - 11. Let z(r) = 3*i(r) - 4*y(r). Give z(g).
-5
Let g(r) = 85 - 73 - 5*r - 45. What is g(-12)?
27
Let w(b) = b**3 + 9*b**2 - 9*b + 4. Let g(j) = -j**2 + 5*j + 74. Let r be g(-7). Let u be r*(10/5 - 1). Calculate w(u).
-6
Let m(o) = 6 - 3 - 5*o - 2 + 58*o**2 - 116*o**2 + 57*o**2. Suppose 7 = 3*n - 4*r, -5*r + 9 + 1 = 0. Suppose 3*k - 10 = n*k, -5*i - 3*k = 35. Determine m(i).
5
Suppose 5*f + 12 - 52 = 0. Let r(n) = 5*n + n + 9*n - f*n + 3*n. What is r(-1)?
-10
Let x(t) = t**2 - t - 1. Suppose 5*q + 30 = -5*d, 7*d + 5*q + 14 = 6*d. Let a(o) = -15*o**2 + 2*o + 3. Let i(s) = d*x(s) - a(s). Let g = -1 + 0. Give i(g).
10
Let l = -127 - -130. Let a(m) = 216*m**2 - 112*m**2 + 0*m - 103*m**2 - l*m. Calculate a(4).
4
Let n(h) = h**2 + 14*h + 50. Let w be n(-5). Let k be 8/(-20) - (-2)/w. Let g(f) = -f**3 - f - 4. Give g(k).
-4
Let n be (-492)/(-20) - 1/(-5)*2. Suppose 4*f - 3*c = -n, -3*c - 10 = -7. Let t(z) = 2*z**2 + 8*z + 1. Give t(f).
43
Let y(j) = 5*j**3 + 5*j**2 - 21*j + 14. Let m(t) = -3*t**3 - 3*t**2 + 12*t - 7. Let x(f) = -7*m(f) - 4*y(f). Give x(3).
29
Let p(h) be the third derivative of -h**7/1260 + h**6/240 + 2*h**5/15 + 15*h**2 + h. Let q(v) be the third derivative of p(v). What is q(3)?
-9
Let o(n) be the third derivative of -n**6/120 + 11*n**5/60 - n**4/2 + 5*n**3/6 - 735*n**2. Give o(10).
-15
Let x(g) be the first derivative of -1/4*g**4 + 0*g**3 - g - 1/2*g**2 - 3. Determine x(2).
-11
Let v(y) = -20*y**3 + 19 - 11 - 7 + 27*y**3. Let c(b) = 3*b + 2 - 2*b - 2*b. Let o be c(1). Give v(o).
8
Let o(t) = -t**2 - 48*t - 438. Let q = -8820 + 8784. Determine o(q).
-6
Suppose -4*x = 20, -8*n + 5*x = -9*n - 80. Let j = n - -54. Let w(h) = 1 + 5 - 3*h**3 - 7 + 2*h**2. Determine w(j).
4
Suppose 0 = -51*p - 29*p - 108080. Let y = p - -1355. Let z(n) = -9*n + 17. Let b(u) = -4*u + 8. Let c(m) = -7*b(m) + 3*z(m). Calculate c(y).
-1
Let u(q) = -17*q**2 + 7*q + 9. Suppose -5*s = -3*p - 18, 7*s + p - 14 = 2*s. Let o(k) = -8*k**2 + 3*k + 4. Let w(m) = s*u(m) - 7*o(m). What is w(-1)?
4
Let t = -164 - -167. Let b(k) = -2*k**3 - k**2 + 4. Let v(w) = 5*w**3 + 3*w**2 + w - 12. Let u(z) = 8*b(z) + 3*v(z). Calculate u(t).
-13
Suppose -391 = -137*z + 154*z. Suppose 3 = 3*q + 54. Let a = q - z. Let t(x) = 3*x - 6. Give t(a).
12
Let z(q) = 2*q**3 - 40*q**2 - 3*q + 58. Suppose -60 = -4*g + 4*m, -233*g + 230*g = -6*m - 30. Give z(g).
-2
Let p be (-128)/(-44) + -3 + (-3)/(-33). Let g(k) = k**3 - 10*k**2 + 2. Give g(p).
2
Let c = 5417 - 5417. Let y(k) = k**2 + k - 11. What is y(c)?
-11
Let u(k) = -3*k - 10. Let m(j) = -4*j - 11. Let f(h) = -4*m(h) + 5*u(h). Let n(a) = -a**2 + 21*a + 171. Let v be n(-6). Determine f(v).
3
Let d(h) = -3*h**2 + 2*h**2 - 43584*h - 33 + 43602*h. What is d(15)?
12
Let k(w) = w**2 - 1 - 8*w - 4 + 1. Suppose i + 652 - 661 = 0. What is k(i)?
5
Let y(g) = -74*g + 470. Let m(x) = 18*x - 105. Let t(c) = 9*m(c) + 2*y(c). Calculate t(-2).
-33
Let r be (2/(-6))/((-5)/1020*4). Suppose -7*x = -18 - r. Let z(s) be the third derivative of -s**5/60 + s**4/12 - 2*s**2. Calculate z(x).
-15
Let n(u) be the second derivative of -u**5/20 + u**4/2 - 2*u**3/3 + 6*u**2 + 23*u. Let d be n(5). Let c(l) = 3*l - 5*l + d + 4*l - l. Determine c(0).
17
Let v(w) = w**2 - 21*w + 8. Suppose